{"id":1024,"date":"2026-01-14T14:35:34","date_gmt":"2026-01-14T14:35:34","guid":{"rendered":"https:\/\/sut.gov.al\/?page_id=1024"},"modified":"2026-01-14T14:36:36","modified_gmt":"2026-01-14T14:36:36","slug":"sherbimi-orl-okulistike-kirurgji-maksilofaciale","status":"publish","type":"page","link":"https:\/\/sut.gov.al\/index.php\/sherbimi-orl-okulistike-kirurgji-maksilofaciale\/","title":{"rendered":"SH\u00cbRBIMI ORL, OKULISTIK\u00cb, KIRURGJI MAKSILOFACIALE"},"content":{"rendered":"\t\t<div data-elementor-type=\"wp-page\" data-elementor-id=\"1024\" class=\"elementor elementor-1024\">\n\t\t\t\t<div class=\"elementor-element elementor-element-8444a29 e-flex e-con-boxed e-con e-parent\" data-id=\"8444a29\" data-element_type=\"container\">\n\t\t\t\t\t<div class=\"e-con-inner\">\n\t\t\t\t<div class=\"elementor-element elementor-element-ba3b643 elementor-widget elementor-widget-text-editor\" data-id=\"ba3b643\" data-element_type=\"widget\" data-widget_type=\"text-editor.default\">\n\t\t\t\t<div class=\"elementor-widget-container\">\n\t\t\t\t\t\t\t\t\t<p>Sh\u00ebrbimi i ORL-s\u00eb, Okulistik\u00ebs dhe Kirurgjis\u00eb Maksilofaciale, n\u00eb kuad\u00ebr t\u00eb misionit t\u00eb tij baz\u00eb si pjes\u00eb integrale e Spitalit Universitar t\u00eb Traum\u00ebs (SUT), ka si objektiv par\u00ebsor diagnostikimin dhe trajtimin e pacient\u00ebve me patologji traumatike dhe jo-traumatike n\u00eb fushat p\u00ebrkat\u00ebse t\u00eb specialiteteve q\u00eb mbulon.<\/p>\n<p>Ky sh\u00ebrbim mbulon nj\u00eb spekter t\u00eb gjer\u00eb me patologji t\u00eb lindura, t\u00eb fituara, akute apo kronike duke ofruar trajtim t\u00eb specializuar p\u00ebr s\u00ebmundjet e aparatit t\u00eb frym\u00ebmarrjes s\u00eb sip\u00ebrme, organit t\u00eb shikimit dhe strukturave kranio faciale.<\/p>\n<p>N\u00eb funksion t\u00eb statusit t\u00eb tij si nj\u00ebsi e nivelit terciar, p\u00ebr traum\u00ebn, Sh\u00ebrbimi i ORL, Okulistik\u00ebs, Kirurgjis\u00eb Maksilo faciale \u00ebsht\u00eb p\u00ebrgjegj\u00ebs p\u00ebr kryerjen e konsultave dhe ekzaminimeve t\u00eb specializuara p\u00ebr rastet e referuara nga sh\u00ebrbimet spitalore dyt\u00ebsore n\u00eb nivel komb\u00ebtar.<\/p>\n<p>N\u00eb bashk\u00ebpunim dhe koordinim t\u00eb plot\u00eb me sh\u00ebrbimet e tjera t\u00eb SUT-s\u00eb, garanton nj\u00eb sh\u00ebrbim t\u00eb vazhduesh\u00ebm t\u00eb gatishm\u00ebris\u00eb (on-call), 24 or\u00eb n\u00eb dit\u00eb, 7 dit\u00eb n\u00eb jav\u00eb, p\u00ebr t\u00eb p\u00ebrballuar t\u00eb gjitha urgjencat e traum\u00ebs q\u00eb k\u00ebrkojn\u00eb nd\u00ebrhyrje multidisiplinare n\u00eb fushat p\u00ebrkat\u00ebse.<\/p>\n<p>Gjithashtu n\u00eb zbatim t\u00eb Vendimit t\u00eb K\u00ebshillit t\u00eb Ministrave nr. 1001, dat\u00eb 02.12.2015, \u201cP\u00ebr integrimin e Spitalit Universitar t\u00eb Traum\u00ebs dhe Spitalit Ushtarak t\u00eb Forcave t\u00eb Armatosura\u201d, sh\u00ebrbimi ka gjithashtu n\u00eb ngarkim kryerjen e ekzaminimeve mjek\u00ebsore p\u00ebr personelin e Forcave t\u00eb Armatosura, sip\u00ebr kontrollet periodike, ashtu edhe n\u00eb funksion t\u00eb p\u00ebrgatitjes p\u00ebr misione jasht\u00eb vendit. K\u00ebto ekzaminime realizohen nga mjek\u00ebt e Nj\u00ebsis\u00eb s\u00eb Mjek\u00ebsis\u00eb Ushtarake (NJMU).<\/p>\n<p><strong><em>Shef Sh\u00ebrbimi<\/em><\/strong><\/p>\n<p><strong><em>Dr. Elvis VELI-mjekokulist (P\u00ebrgjegj\u00ebs mjek\u00ebsor p\u00ebr okulistik\u00ebn) Kryeinfermiere<\/em><\/strong><\/p>\n<p>Liljana KORO<\/p>\n<p><strong><em>Mjek\u00ebt e sh\u00ebrbimit<\/em><\/strong><\/p>\n<p>Dr. Bledar Kruja \u2013mjek okulist Dr. Leodita Gjana \u2013mjeke okuliste<\/p>\n<p>Major Dr. Katerina Kasa \u2013mjeke okuliste ( NJMU)<\/p>\n<p>Dr. Kledia Pollo \u2013mjeke ORL&nbsp; <em>(P\u00ebrgjegj\u00ebs mjek\u00ebsor p\u00ebr ORL)<\/em><\/p>\n<p>Dr. Shk. Gjergji Bizhga \u2013mjek ORL Dr. Blerina Avdulaj \u2013mjeke ORL Dr. Fatmir Guni \u2013mjek ORL<\/p>\n<p>Dr. Eristen Fejzo \u2013mjek ORL (NJMU) Dr. Brikena Danaj \u2013mjeke ORL (NJMU) Dr. Hekuran Braho \u2013mjek ORL&nbsp; (NJMU)<\/p>\n<p>Dr. Marjon Sako \u2013mjek kirurg maksilo-facial <em>(P\u00ebrgjegj\u00ebs mjek\u00ebsor p\u00ebr kirurgjin\u00eb maksilo faciale)<\/em><\/p>\n<p>Dr. Shk. Lozana Binjaku \u2013 mjeke kirurge maksilo-faciale Dr. Shk. Alma Teliti \u2013mjeke kirurge maksilo-faciale<\/p>\n<p>Dr. Loreta Qemali \u2013mjeke kirurge maksilo-faciale (NJMU) Dr. Grej Malo \u2013mjek kirurg maksilo-facial (NJMU)<\/p>\t\t\t\t\t\t\t\t<\/div>\n\t\t\t\t<\/div>\n\t\t\t\t\t<\/div>\n\t\t\t\t<\/div>\n\t\t\t\t<\/div>\n\t\t","protected":false},"excerpt":{"rendered":"<p>Sh\u00ebrbimi i ORL-s\u00eb, Okulistik\u00ebs dhe Kirurgjis\u00eb Maksilofaciale, n\u00eb kuad\u00ebr t\u00eb misionit t\u00eb tij baz\u00eb si pjes\u00eb integrale e Spitalit Universitar t\u00eb Traum\u00ebs (SUT), ka si objektiv par\u00ebsor diagnostikimin dhe trajtimin e pacient\u00ebve me patologji traumatike dhe jo-traumatike n\u00eb fushat p\u00ebrkat\u00ebse t\u00eb specialiteteve q\u00eb mbulon. Ky sh\u00ebrbim mbulon nj\u00eb spekter t\u00eb gjer\u00eb me patologji t\u00eb lindura, [&hellip;]<\/p>\n","protected":false},"author":3,"featured_media":0,"parent":0,"menu_order":0,"comment_status":"closed","ping_status":"closed","template":"","meta":{"footnotes":""},"class_list":["post-1024","page","type-page","status-publish","hentry"],"jetpack_sharing_enabled":true,"_links":{"self":[{"href":"https:\/\/sut.gov.al\/index.php\/wp-json\/wp\/v2\/pages\/1024","targetHints":{"allow":["GET"]}}],"collection":[{"href":"https:\/\/sut.gov.al\/index.php\/wp-json\/wp\/v2\/pages"}],"about":[{"href":"https:\/\/sut.gov.al\/index.php\/wp-json\/wp\/v2\/types\/page"}],"author":[{"embeddable":true,"href":"https:\/\/sut.gov.al\/index.php\/wp-json\/wp\/v2\/users\/3"}],"replies":[{"embeddable":true,"href":"https:\/\/sut.gov.al\/index.php\/wp-json\/wp\/v2\/comments?post=1024"}],"version-history":[{"count":4,"href":"https:\/\/sut.gov.al\/index.php\/wp-json\/wp\/v2\/pages\/1024\/revisions"}],"predecessor-version":[{"id":1028,"href":"https:\/\/sut.gov.al\/index.php\/wp-json\/wp\/v2\/pages\/1024\/revisions\/1028"}],"wp:attachment":[{"href":"https:\/\/sut.gov.al\/index.php\/wp-json\/wp\/v2\/media?parent=1024"}],"curies":[{"name":"wp","href":"https:\/\/api.w.org\/{rel}","templated":true}]}}