{"id":1091,"date":"2026-01-16T14:47:26","date_gmt":"2026-01-16T14:47:26","guid":{"rendered":"https:\/\/sut.gov.al\/?page_id=1091"},"modified":"2026-01-16T14:54:10","modified_gmt":"2026-01-16T14:54:10","slug":"sherbimi-i-konsultave-te-specializuara-ambulatore-2","status":"publish","type":"page","link":"https:\/\/sut.gov.al\/index.php\/sherbimi-i-konsultave-te-specializuara-ambulatore-2\/","title":{"rendered":"SH\u00cbRBIMI I KONSULTAVE T\u00cb SPECIALIZUARA AMBULATORE"},"content":{"rendered":"\t\t<div data-elementor-type=\"wp-page\" data-elementor-id=\"1091\" class=\"elementor elementor-1091\">\n\t\t\t\t<div class=\"elementor-element elementor-element-f03a9ed e-con-full e-flex e-con e-parent\" data-id=\"f03a9ed\" data-element_type=\"container\">\n\t\t\t\t<div class=\"elementor-element elementor-element-54f4b8f elementor-widget elementor-widget-text-editor\" data-id=\"54f4b8f\" data-element_type=\"widget\" data-widget_type=\"text-editor.default\">\n\t\t\t\t<div class=\"elementor-widget-container\">\n\t\t\t\t\t\t\t\t\t<p>Misioni i Sh\u00ebrbimit t\u00eb Konsultave t\u00eb Specializuara Ambulatore \u00ebsht\u00eb t\u00eb ofroj\u00eb kujdes mjek\u00ebsor cil\u00ebsor, t\u00eb personalizuar dhe t\u00eb koordinuar, p\u00ebr pacient\u00ebt q\u00eb kan\u00eb nevoj\u00eb p\u00ebr ndjekje pas trajtimit spitalor, vler\u00ebsim t\u00eb specializuar apo k\u00ebshillim klinik.<\/p>\n<p>Ky sh\u00ebrbim luan nj\u00eb rol ky\u00e7 n\u00eb ofrimin e vazhdim\u00ebsis\u00eb s\u00eb kujdesit n\u00eb kuad\u00ebr t\u00eb trajtimit t\u00eb politraum\u00ebs dhe patologjive t\u00eb lidhura, n\u00eb p\u00ebrputhje me misionin e SUT si institucion referues komb\u00ebtar.<\/p>\n<p>Pacient\u00ebt q\u00eb paraqiten n\u00eb konsultat ambulatore vijn\u00eb n\u00ebp\u00ebrmjet sistemit t\u00eb referimit, t\u00eb d\u00ebrguar nga:<\/p>\n<ul>\n<li>Mjeku i familjes<\/li>\n<\/ul>\n<ul>\n<li>Mjek\u00ebt specialist\u00eb t\u00eb nivelit par\u00ebsor dhe dyt\u00ebsor<\/li>\n<\/ul>\n<ul>\n<li>Ose n\u00eb raste specifike n\u00eb vijim t\u00eb nj\u00eb trajtimi t\u00eb m\u00ebparsh\u00ebm n\u00eb SUT (kjo vlen p\u00ebr pacient\u00ebt e traumave ortopedike dhe kirurgjikale)<\/li>\n<\/ul>\n<p>Sh\u00ebrbimi ofron konsulta n\u00eb nj\u00eb gam\u00eb t\u00eb gjer\u00eb specialitetesh, duke p\u00ebrfshir\u00eb fusha klinike, kirurgjikale, psiko-sociale dhe rehabilituese, me q\u00ebllim:<\/p>\n<ul>\n<li>Diagnostikim t\u00eb sakt\u00eb dhe trajtim t\u00eb specializuar<\/li>\n<\/ul>\n<ul>\n<li>Parandalim t\u00eb komplikacioneve<\/li>\n<\/ul>\n<ul>\n<li>Rikuperim funksional pas traum\u00ebs<\/li>\n<\/ul>\n<ul>\n<li>Mb\u00ebshtetje afatgjat\u00eb p\u00ebr pacient\u00eb me patologji kronike<\/li>\n<\/ul>\n<p>N\u00eb t\u00eb nj\u00ebjt\u00ebn koh\u00eb, ky sh\u00ebrbim ndihmon n\u00eb organizimin dhe koordinimin efikas t\u00eb fluksit t\u00eb pacient\u00ebve, duke p\u00ebrmir\u00ebsuar cil\u00ebsin\u00eb e p\u00ebrvoj\u00ebs s\u00eb pacientit dhe duke rritur efikasitetin e kujdesit sh\u00ebndet\u00ebsor.<\/p>\n<p>P\u00ebr kryerjen falas t\u00eb konsultave ambulatore \u00ebsht\u00eb i nevojsh\u00ebm dokumentacioni m\u00ebposht\u00ebm:<\/p>\n<p><\/p>\n<ul>\n<li>Karta e sh\u00ebndetit e rinovuar<\/li>\n<\/ul>\n<ul>\n<li>Karta e identitetit (ID) p\u00ebr personat mbi 18 vje\u00e7<\/li>\n<\/ul>\n<ul>\n<li>Certifikate lindje p\u00ebr personat n\u00ebn18 vje\u00e7<\/li>\n<\/ul>\n<ul>\n<li>Rekomandim nga nga mjeku i familjes dhe mjeku specialist i zon\u00ebs ku banon (i planifikuar me sistem referimi)<\/li>\n<\/ul>\n<p>Specialitetet q\u00eb ofrohen:<\/p>\n<p><\/p>\n<ul>\n<li>Kardiologji<\/li>\n<\/ul>\n<ul>\n<li>Pneumologji<\/li>\n<\/ul>\n<ul>\n<li>Endokrinologji<\/li>\n<\/ul>\n<ul>\n<li>Gastrohepatologji<\/li>\n<\/ul>\n<ul>\n<li>Neurologji<\/li>\n<\/ul>\n<ul>\n<li>Infeksionist<\/li>\n<\/ul>\n<ul>\n<li>Nefrologji<\/li>\n<\/ul>\n<ul>\n<li>Hematologji<\/li>\n<\/ul>\n<ul>\n<li>Ortopedi 1, 2, 3<\/li>\n<\/ul>\n<ul>\n<li>Neurokirurgji<\/li>\n<\/ul>\n<ul>\n<li>Kirurgji e p\u00ebrgjithshme<\/li>\n<\/ul>\n<ul>\n<li>Urologji<\/li>\n<\/ul>\n<ul>\n<li>Reumatologji<\/li>\n<\/ul>\n<ul>\n<li>Angiologji<\/li>\n<\/ul>\n<ul>\n<li>Dermatologji<\/li>\n<\/ul>\n<ul>\n<li>Alergologji<\/li>\n<\/ul>\n<ul>\n<li>Okulistik\u00eb<\/li>\n<\/ul>\n<ul>\n<li>ORL (Otorinolaringologji)<\/li>\n<\/ul>\n<ul>\n<li>Fizioterapi<\/li>\n<\/ul>\n<ul>\n<li>Psikiat\u00ebr<\/li>\n<\/ul>\n<ul>\n<li>Psikologji klinike<\/li>\n<\/ul>\n<ul>\n<li>Gipsi (Sh\u00ebrbim i imobilizimit ortopedik)<\/li>\n<\/ul>\n<ul>\n<li>Dhoma e mjekimit<\/li>\n<\/ul>\n<div>\n<p class=\"MsoBodyText\"><span lang=\"SQ\" style=\"font-size:14.0pt\"><b>Orari<span style=\"letter-spacing:.4pt\"> <\/span>i<span style=\"letter-spacing:.4pt\"> <\/span>konsultave<span style=\"letter-spacing:.7pt\"> <\/span>ambulatore:<\/b><span style=\"letter-spacing: .45pt\"> <\/span>\u00c7do<span style=\"letter-spacing:.5pt\"> <\/span>dit\u00eb<span style=\"letter-spacing:.4pt\"> <\/span>pune,<span style=\"letter-spacing:.55pt\"> <\/span>nga<span style=\"letter-spacing:.4pt\"> <\/span>ora<span style=\"letter-spacing:.4pt\"> <\/span>08:00<span style=\"letter-spacing:.5pt\"> <\/span>deri<span style=\"letter-spacing:.45pt\"> <\/span>n\u00eb<span style=\"letter-spacing:.4pt\"> <\/span><span style=\"letter-spacing:-.1pt\">16:00.<o:p><\/o:p><\/span><\/span><\/p>\n<\/div>\t\t\t\t\t\t\t\t<\/div>\n\t\t\t\t<\/div>\n\t\t\t\t<\/div>\n\t\t<div class=\"elementor-element elementor-element-a91ddf1 e-flex e-con-boxed e-con e-parent\" data-id=\"a91ddf1\" data-element_type=\"container\">\n\t\t\t\t\t<div class=\"e-con-inner\">\n\t\t\t\t<div class=\"elementor-element elementor-element-d960f0e elementor-widget-divider--view-line elementor-widget elementor-widget-divider\" data-id=\"d960f0e\" data-element_type=\"widget\" data-widget_type=\"divider.default\">\n\t\t\t\t<div class=\"elementor-widget-container\">\n\t\t\t\t\t\t\t<div class=\"elementor-divider\">\n\t\t\t<span class=\"elementor-divider-separator\">\n\t\t\t\t\t\t<\/span>\n\t\t<\/div>\n\t\t\t\t\t\t<\/div>\n\t\t\t\t<\/div>\n\t\t\t\t\t<\/div>\n\t\t\t\t<\/div>\n\t\t<div class=\"elementor-element elementor-element-2699c0d e-flex e-con-boxed e-con e-parent\" data-id=\"2699c0d\" data-element_type=\"container\">\n\t\t\t\t\t<div class=\"e-con-inner\">\n\t\t\t\t<div class=\"elementor-element elementor-element-2cacb53 elementor-widget elementor-widget-google_maps\" data-id=\"2cacb53\" data-element_type=\"widget\" data-widget_type=\"google_maps.default\">\n\t\t\t\t<div class=\"elementor-widget-container\">\n\t\t\t\t\t\t\t<div class=\"elementor-custom-embed\">\n\t\t\t<iframe loading=\"lazy\"\n\t\t\t\t\tsrc=\"https:\/\/maps.google.com\/maps?q=Spitali%20Universitar%20i%20Traumes&#038;t=m&#038;z=17&#038;output=embed&#038;iwloc=near\"\n\t\t\t\t\ttitle=\"Spitali Universitar i Traumes\"\n\t\t\t\t\taria-label=\"Spitali Universitar i Traumes\"\n\t\t\t><\/iframe>\n\t\t<\/div>\n\t\t\t\t\t\t<\/div>\n\t\t\t\t<\/div>\n\t\t\t\t\t<\/div>\n\t\t\t\t<\/div>\n\t\t\t\t<\/div>\n\t\t","protected":false},"excerpt":{"rendered":"<p>Misioni i Sh\u00ebrbimit t\u00eb Konsultave t\u00eb Specializuara Ambulatore \u00ebsht\u00eb t\u00eb ofroj\u00eb kujdes mjek\u00ebsor cil\u00ebsor, t\u00eb personalizuar dhe t\u00eb koordinuar, p\u00ebr pacient\u00ebt q\u00eb kan\u00eb nevoj\u00eb p\u00ebr ndjekje pas trajtimit spitalor, vler\u00ebsim t\u00eb specializuar apo k\u00ebshillim klinik. Ky sh\u00ebrbim luan nj\u00eb rol ky\u00e7 n\u00eb ofrimin e vazhdim\u00ebsis\u00eb s\u00eb kujdesit n\u00eb kuad\u00ebr t\u00eb trajtimit t\u00eb politraum\u00ebs dhe patologjive [&hellip;]<\/p>\n","protected":false},"author":3,"featured_media":0,"parent":0,"menu_order":0,"comment_status":"closed","ping_status":"closed","template":"","meta":{"footnotes":""},"class_list":["post-1091","page","type-page","status-publish","hentry"],"jetpack_sharing_enabled":true,"_links":{"self":[{"href":"https:\/\/sut.gov.al\/index.php\/wp-json\/wp\/v2\/pages\/1091","targetHints":{"allow":["GET"]}}],"collection":[{"href":"https:\/\/sut.gov.al\/index.php\/wp-json\/wp\/v2\/pages"}],"about":[{"href":"https:\/\/sut.gov.al\/index.php\/wp-json\/wp\/v2\/types\/page"}],"author":[{"embeddable":true,"href":"https:\/\/sut.gov.al\/index.php\/wp-json\/wp\/v2\/users\/3"}],"replies":[{"embeddable":true,"href":"https:\/\/sut.gov.al\/index.php\/wp-json\/wp\/v2\/comments?post=1091"}],"version-history":[{"count":7,"href":"https:\/\/sut.gov.al\/index.php\/wp-json\/wp\/v2\/pages\/1091\/revisions"}],"predecessor-version":[{"id":1099,"href":"https:\/\/sut.gov.al\/index.php\/wp-json\/wp\/v2\/pages\/1091\/revisions\/1099"}],"wp:attachment":[{"href":"https:\/\/sut.gov.al\/index.php\/wp-json\/wp\/v2\/media?parent=1091"}],"curies":[{"name":"wp","href":"https:\/\/api.w.org\/{rel}","templated":true}]}}