{"id":1102,"date":"2026-01-16T14:57:39","date_gmt":"2026-01-16T14:57:39","guid":{"rendered":"https:\/\/sut.gov.al\/?page_id=1102"},"modified":"2026-01-16T15:03:05","modified_gmt":"2026-01-16T15:03:05","slug":"urgjenca-paraspitalore","status":"publish","type":"page","link":"https:\/\/sut.gov.al\/index.php\/urgjenca-paraspitalore\/","title":{"rendered":"URGJENCA PARASPITALORE"},"content":{"rendered":"\t\t<div data-elementor-type=\"wp-page\" data-elementor-id=\"1102\" class=\"elementor elementor-1102\">\n\t\t\t\t<div class=\"elementor-element elementor-element-efa16cd e-flex e-con-boxed e-con e-parent\" data-id=\"efa16cd\" data-element_type=\"container\">\n\t\t\t\t\t<div class=\"e-con-inner\">\n\t\t\t\t<div class=\"elementor-element elementor-element-400a4c8 elementor-widget elementor-widget-text-editor\" data-id=\"400a4c8\" data-element_type=\"widget\" data-widget_type=\"text-editor.default\">\n\t\t\t\t<div class=\"elementor-widget-container\">\n\t\t\t\t\t\t\t\t\t<p style=\"margin-top: 0in; text-align: justify; line-height: 115%; background-image: initial; background-position: initial; background-size: initial; background-repeat: initial; background-attachment: initial; background-origin: initial; background-clip: initial;\"><span style=\"font-size: 14pt; line-height: 115%;\">Misioni i sh\u00ebrbimit t\u00eb urgjenc\u00ebs paraspitalore \u00ebsht\u00eb t\u00eb ofroj\u00eb ndihm\u00eb mjek\u00ebsore dhe me cil\u00ebsi n\u00eb kujdesin paraspitalor, trajtimin dhe transportin n\u00ebse \u00ebsht\u00eb e nevojshme n\u00eb urgjenc\u00ebn spitalore. T\u00eb ofroj\u00eb ndihm\u00eb urgjente \u00e7do dit\u00eb t\u00eb vitit dhe kudo q\u00eb<br>ndodhet pacienti, me asetet dhe burimet m\u00eb t\u00eb mira t\u00eb mundshme q\u00eb ka dispozicion infrastruktura paraspitalore.<\/span><\/p>\n<p style=\"margin-top: 0in; line-height: 115%; background-image: initial; background-position: initial; background-size: initial; background-repeat: initial; background-attachment: initial; background-origin: initial; background-clip: initial;\"><span style=\"font-size: 14pt; line-height: 115%;\">Sh\u00ebrbimi i urgjenc\u00ebs paraspitalore n\u00eb kuad\u00ebr t\u00eb misionit t\u00eb Spitalit Universitar t\u00eb Traum\u00ebs (SUT) dhe n\u00eb funksion t\u00eb tij, n\u00eb<br>koordinim me qendr\u00ebn komb\u00ebtare t\u00eb urgjenc\u00ebs, p\u00ebr rastet e maksiemergjencave (t\u00ebrmete, aksidente madhore automobilistike, pandemi apo epidmim, etj.) ofron sh\u00ebrbimit mjek\u00ebsor paraspitalor ne nivel komb\u00ebtar. P\u00ebrfshihet dh\u00ebnia e ndihm\u00ebs<br>s\u00eb par\u00eb, transporti n\u00eb spitalet sekondare ose terciare.<\/span><\/p>\n<p style=\"margin-top: 0in; line-height: 115%; background-image: initial; background-position: initial; background-size: initial; background-repeat: initial; background-attachment: initial; background-origin: initial; background-clip: initial;\"><strong><span style=\"font-size: 14pt; line-height: 115%;\">Shef Sh\u00ebrbimi<\/span><\/strong><\/p>\n<p style=\"margin-top: 0in; line-height: 115%; background-image: initial; background-position: initial; background-size: initial; background-repeat: initial; background-attachment: initial; background-origin: initial; background-clip: initial;\"><span style=\"font-size: 14pt; line-height: 115%;\">Dr. Afrim Kastrioti <\/span><\/p>\n<p style=\"margin-top: 0in; text-align: justify; line-height: 115%; background-image: initial; background-position: initial; background-size: initial; background-repeat: initial; background-attachment: initial; background-origin: initial; background-clip: initial;\"><strong><span style=\"font-size: 14pt; line-height: 115%;\">Kryeinfermiere <\/span><\/strong><\/p>\n<p style=\"margin-top: 0in; text-align: justify; line-height: 115%; background-image: initial; background-position: initial; background-size: initial; background-repeat: initial; background-attachment: initial; background-origin: initial; background-clip: initial;\"><span style=\"font-size: 14pt; line-height: 115%;\">Anila Boka<\/span><\/p>\n<p style=\"margin-top: 0in; line-height: 115%; background-image: initial; background-position: initial; background-size: initial; background-repeat: initial; background-attachment: initial; background-origin: initial; background-clip: initial;\"><strong><span style=\"font-size: 14pt; line-height: 115%;\">Mjek\u00ebt e urgjenc\u00ebs paraspitalore <\/span><\/strong><\/p>\n<p style=\"margin-top: 0in; text-align: justify; line-height: 115%; background-image: initial; background-position: initial; background-size: initial; background-repeat: initial; background-attachment: initial; background-origin: initial; background-clip: initial;\"><span style=\"font-size: 14pt; line-height: 115%;\">Dr. Arben Duka<\/span><\/p>\n<p style=\"margin-top: 0in; line-height: 115%; background-image: initial; background-position: initial; background-size: initial; background-repeat: initial; background-attachment: initial; background-origin: initial; background-clip: initial;\"><span style=\"font-size: 14pt; line-height: 115%;\">Dr. Diamanta Shameti <\/span><\/p>\n<p style=\"margin-top: 0in; text-align: justify; line-height: 115%; background-image: initial; background-position: initial; background-size: initial; background-repeat: initial; background-attachment: initial; background-origin: initial; background-clip: initial;\"><span style=\"font-size: 14pt; line-height: 115%;\">Dr. Artjola Jaupaj<\/span><\/p>\n<p style=\"margin-top: 0in; line-height: 115%; background-image: initial; background-position: initial; background-size: initial; background-repeat: initial; background-attachment: initial; background-origin: initial; background-clip: initial;\"><span style=\"font-size: 14pt; line-height: 115%;\">Dr. Klauren M\u00ebrziku <\/span><\/p>\n<p style=\"margin-top: 0in; text-align: justify; line-height: 115%; background-image: initial; background-position: initial; background-size: initial; background-repeat: initial; background-attachment: initial; background-origin: initial; background-clip: initial;\"><span style=\"font-size: 14pt; line-height: 115%;\">Dr. Romina Tafaj <\/span><\/p>\n<p style=\"margin-top: 0in; text-align: justify; line-height: 115%; background-image: initial; background-position: initial; background-size: initial; background-repeat: initial; background-attachment: initial; background-origin: initial; background-clip: initial;\"><span style=\"font-size: 14pt; line-height: 115%;\">Dr. Argjend Kosiqi <\/span><\/p>\n<p style=\"margin-top: 0in; text-align: justify; line-height: 115%; background-image: initial; background-position: initial; background-size: initial; background-repeat: initial; background-attachment: initial; background-origin: initial; background-clip: initial;\"><span style=\"font-size: 14pt; line-height: 115%;\">Dr. Dario Horieti <\/span><\/p>\n<p style=\"margin-top: 0in; text-align: justify; line-height: 115%; background-image: initial; background-position: initial; background-size: initial; background-repeat: initial; background-attachment: initial; background-origin: initial; background-clip: initial;\"><span style=\"font-size: 14pt; line-height: 115%;\">Dr. Laurent K\u00ebr\u00e7i<\/span><\/p>\t\t\t\t\t\t\t\t<\/div>\n\t\t\t\t<\/div>\n\t\t\t\t<div class=\"elementor-element elementor-element-6bfcfc9 elementor-widget-divider--view-line elementor-widget elementor-widget-divider\" data-id=\"6bfcfc9\" data-element_type=\"widget\" data-widget_type=\"divider.default\">\n\t\t\t\t<div class=\"elementor-widget-container\">\n\t\t\t\t\t\t\t<div class=\"elementor-divider\">\n\t\t\t<span class=\"elementor-divider-separator\">\n\t\t\t\t\t\t<\/span>\n\t\t<\/div>\n\t\t\t\t\t\t<\/div>\n\t\t\t\t<\/div>\n\t\t\t\t\t<\/div>\n\t\t\t\t<\/div>\n\t\t<div class=\"elementor-element elementor-element-a312af5 e-con-full e-flex e-con e-parent\" data-id=\"a312af5\" data-element_type=\"container\">\n\t\t\t\t<div class=\"elementor-element elementor-element-723bcaa elementor-widget__width-initial elementor-widget elementor-widget-image\" data-id=\"723bcaa\" data-element_type=\"widget\" data-widget_type=\"image.default\">\n\t\t\t\t<div class=\"elementor-widget-container\">\n\t\t\t\t\t\t\t\t\t\t\t\t\t\t\t<img fetchpriority=\"high\" decoding=\"async\" width=\"525\" height=\"700\" src=\"https:\/\/sut.gov.al\/wp-content\/uploads\/2026\/01\/WhatsApp-Image-2026-01-15-at-15.53.53-2-768x1024.jpeg?wsr\" class=\"attachment-large size-large wp-image-1104\" alt=\"\" srcset=\"https:\/\/sut.gov.al\/wp-content\/uploads\/2026\/01\/WhatsApp-Image-2026-01-15-at-15.53.53-2-768x1024.jpeg 768w, https:\/\/sut.gov.al\/wp-content\/uploads\/2026\/01\/WhatsApp-Image-2026-01-15-at-15.53.53-2-225x300.jpeg 225w, https:\/\/sut.gov.al\/wp-content\/uploads\/2026\/01\/WhatsApp-Image-2026-01-15-at-15.53.53-2-600x800.jpeg 600w, https:\/\/sut.gov.al\/wp-content\/uploads\/2026\/01\/WhatsApp-Image-2026-01-15-at-15.53.53-2.jpeg 960w\" sizes=\"(max-width: 525px) 100vw, 525px\" \/>\t\t\t\t\t\t\t\t\t\t\t\t\t\t\t<\/div>\n\t\t\t\t<\/div>\n\t\t\t\t<\/div>\n\t\t\t\t<\/div>\n\t\t","protected":false},"excerpt":{"rendered":"<p>Misioni i sh\u00ebrbimit t\u00eb urgjenc\u00ebs paraspitalore \u00ebsht\u00eb t\u00eb ofroj\u00eb ndihm\u00eb mjek\u00ebsore dhe me cil\u00ebsi n\u00eb kujdesin paraspitalor, trajtimin dhe transportin n\u00ebse \u00ebsht\u00eb e nevojshme n\u00eb urgjenc\u00ebn spitalore. T\u00eb ofroj\u00eb ndihm\u00eb urgjente \u00e7do dit\u00eb t\u00eb vitit dhe kudo q\u00ebndodhet pacienti, me asetet dhe burimet m\u00eb t\u00eb mira t\u00eb mundshme q\u00eb ka dispozicion infrastruktura paraspitalore. Sh\u00ebrbimi i [&hellip;]<\/p>\n","protected":false},"author":3,"featured_media":0,"parent":0,"menu_order":0,"comment_status":"closed","ping_status":"closed","template":"","meta":{"footnotes":""},"class_list":["post-1102","page","type-page","status-publish","hentry"],"jetpack_sharing_enabled":true,"_links":{"self":[{"href":"https:\/\/sut.gov.al\/index.php\/wp-json\/wp\/v2\/pages\/1102","targetHints":{"allow":["GET"]}}],"collection":[{"href":"https:\/\/sut.gov.al\/index.php\/wp-json\/wp\/v2\/pages"}],"about":[{"href":"https:\/\/sut.gov.al\/index.php\/wp-json\/wp\/v2\/types\/page"}],"author":[{"embeddable":true,"href":"https:\/\/sut.gov.al\/index.php\/wp-json\/wp\/v2\/users\/3"}],"replies":[{"embeddable":true,"href":"https:\/\/sut.gov.al\/index.php\/wp-json\/wp\/v2\/comments?post=1102"}],"version-history":[{"count":4,"href":"https:\/\/sut.gov.al\/index.php\/wp-json\/wp\/v2\/pages\/1102\/revisions"}],"predecessor-version":[{"id":1116,"href":"https:\/\/sut.gov.al\/index.php\/wp-json\/wp\/v2\/pages\/1102\/revisions\/1116"}],"wp:attachment":[{"href":"https:\/\/sut.gov.al\/index.php\/wp-json\/wp\/v2\/media?parent=1102"}],"curies":[{"name":"wp","href":"https:\/\/api.w.org\/{rel}","templated":true}]}}