{"id":1131,"date":"2026-01-16T20:34:58","date_gmt":"2026-01-16T20:34:58","guid":{"rendered":"https:\/\/sut.gov.al\/?page_id=1131"},"modified":"2026-01-16T20:54:50","modified_gmt":"2026-01-16T20:54:50","slug":"sherbimi-i-fizioterapise","status":"publish","type":"page","link":"https:\/\/sut.gov.al\/index.php\/sherbimi-i-fizioterapise\/","title":{"rendered":"SH\u00cbRBIMI I FIZIOTERAPIS\u00cb"},"content":{"rendered":"\t\t<div data-elementor-type=\"wp-page\" data-elementor-id=\"1131\" class=\"elementor elementor-1131\">\n\t\t\t\t<div class=\"elementor-element elementor-element-b69c3e2 e-flex e-con-boxed e-con e-parent\" data-id=\"b69c3e2\" data-element_type=\"container\">\n\t\t\t\t\t<div class=\"e-con-inner\">\n\t\t\t\t<div class=\"elementor-element elementor-element-9dd50e7 elementor-widget elementor-widget-text-editor\" data-id=\"9dd50e7\" data-element_type=\"widget\" data-widget_type=\"text-editor.default\">\n\t\t\t\t<div class=\"elementor-widget-container\">\n\t\t\t\t\t\t\t\t\t<p style=\"margin-top: 6.0pt; text-align: justify; line-height: 150%;\"><span lang=\"IT\" style=\"font-size: 14.0pt; line-height: 150%; font-family: 'Times New Roman',serif; mso-ansi-language: IT; mso-bidi-font-weight: bold; mso-bidi-font-style: italic;\">Misioni i Sh\u00ebrbimit t\u00eb Fizioterapis\u00eb dhe Rehabilitimit n\u00eb Spitalin Universitar t\u00eb Traum\u00ebs \u00ebsht\u00eb t\u00eb p\u00ebrmir\u00ebsoj\u00eb cil\u00ebsin\u00eb e jet\u00ebs s\u00eb pacient\u00ebve t\u00eb shtruar dhe atyre ambulator\u00eb, n\u00ebp\u00ebrmjet rehabilitimit funksional, riaft\u00ebsimit gradual dhe edukimit sh\u00ebndet\u00ebsor, ve\u00e7an\u00ebrisht p\u00ebr pacient\u00ebt post-traum\u00eb.<\/span><\/p>\n<p style=\"margin-top: 6.0pt; text-align: justify; line-height: 150%;\"><span lang=\"IT\" style=\"font-size: 14.0pt; line-height: 150%; font-family: 'Times New Roman',serif; mso-ansi-language: IT; mso-bidi-font-weight: bold; mso-bidi-font-style: italic;\"><br>Ky sh\u00ebrbim mbulon pacient\u00ebt n\u00eb pavionet e sh\u00ebrbimeve q\u00eb ofron SUT, duke u angazhuar p\u00ebr rikuperimin e aft\u00ebsive funksionale dhe rikthimin n\u00eb jet\u00ebn e p\u00ebrditshme. Ky mision realizohet p\u00ebrmes ofrimit t\u00eb nj\u00eb kujdesi profesional, t\u00eb personalizuar dhe t\u00eb bazuar n\u00eb gjendjen klinike t\u00eb pacientit, duke synuar:<\/span><\/p>\n<p style=\"margin-top: 6.0pt; text-align: justify; line-height: 150%;\"><ul><li><i><span lang=\"IT\" style=\"font-size: 14.0pt; line-height: 150%; font-family: 'Times New Roman',serif; mso-ansi-language: IT; mso-bidi-font-weight: bold;\">Riaft\u00ebsimin gradual t\u00eb funksioneve trupore, p\u00ebr t\u00eb rikthyer pacientin n\u00eb nj\u00eb jet\u00eb sa m\u00eb aktive dhe t\u00eb pavarur.<\/span><\/i><\/li><li><i><span lang=\"IT\" style=\"font-size: 14.0pt; line-height: 150%; font-family: 'Times New Roman',serif; mso-ansi-language: IT; mso-bidi-font-weight: bold;\">Reduktimin e dhimbjes dhe komplikacioneve pas traumave, operacioneve apo periudhave t\u00eb gjata t\u00eb imobilizimit.<\/span><\/i><\/li><li><i><span lang=\"IT\" style=\"font-size: 14.0pt; line-height: 150%; font-family: 'Times New Roman',serif; mso-ansi-language: IT; mso-bidi-font-weight: bold;\">P\u00ebrmir\u00ebsimin e mobilitetit.<\/span><\/i><\/li><li><i><span lang=\"IT\" style=\"font-size: 14.0pt; line-height: 150%; font-family: 'Times New Roman',serif; mso-ansi-language: IT; mso-bidi-font-weight: bold;\">P\u00ebrmir\u00ebsimin e forc\u00ebs muskulore, n\u00eb m\u00ebnyr\u00eb q\u00eb pacient\u00ebt t\u00eb rifitojn\u00eb autonomin\u00eb e tyre fizike.<\/span><\/i><\/li><li><i><span lang=\"IT\" style=\"font-size: 14.0pt; line-height: 150%; font-family: 'Times New Roman',serif; mso-ansi-language: IT; mso-bidi-font-weight: bold;\">P\u00ebrmir\u00ebsimin e tonifikimit muskular,<\/span><\/i><\/li><li><i><span lang=\"IT\" style=\"font-size: 14.0pt; line-height: 150%; font-family: 'Times New Roman',serif; mso-ansi-language: IT; mso-bidi-font-weight: bold;\">Parandalimin e invaliditetit afatgjat\u00eb dhe p\u00ebrshpejtimin e koh\u00ebs s\u00eb rikuperimit.<\/span><\/i><\/li><li><i><span lang=\"IT\" style=\"font-size: 14.0pt; line-height: 150%; font-family: 'Times New Roman',serif; mso-ansi-language: IT; mso-bidi-font-weight: bold;\">P\u00ebrmir\u00ebsimin dhe fitimin e indipendenc\u00ebs n\u00eb jet\u00ebn e p\u00ebrditeshme.<\/span><\/i><\/li><li><i><span lang=\"IT\" style=\"font-size: 14.0pt; line-height: 150%; font-family: 'Times New Roman',serif; mso-ansi-language: IT; mso-bidi-font-weight: bold;\">Edukimin e pacient\u00ebve dhe familjar\u00ebve, p\u00ebr t&#8217;i ndihmuar t\u00eb realizojn\u00eb sipas direktivave t\u00eb mjekut vet\u00ebkujdesin dhe p\u00ebrfshirjen aktive n\u00eb procesin e rikuperimit.<\/span><\/i><\/li><\/ul><\/p>\n\n\n\n\n\n\n\n<p style=\"margin-top: 6.0pt; text-align: justify; line-height: 150%;\"><span lang=\"IT\" style=\"font-size: 14.0pt; line-height: 150%; font-family: 'Times New Roman',serif; mso-ansi-language: IT; mso-bidi-font-weight: bold; mso-bidi-font-style: italic;\">Sh\u00ebrbimi vepron n\u00eb bashk\u00ebpunim t\u00eb ngusht\u00eb me pavionet klinike t\u00eb SUT duke qen\u00eb nj\u00eb pjes\u00eb integrale e procesit t\u00eb trajtimit t\u00eb pacient\u00ebve n\u00eb t\u00eb gjitha fazat e kujdesit nga spitali, si dhe n\u00eb ndjekjen ambulatore post-traum\u00eb.<\/span><\/p>\n<p style=\"margin-top: 6.0pt; text-align: justify; line-height: 150%;\"><span lang=\"IT\" style=\"font-size: 14.0pt; line-height: 150%; font-family: 'Times New Roman',serif; mso-ansi-language: IT; mso-bidi-font-weight: bold; mso-bidi-font-style: italic;\">Sh\u00ebrbimi ofron bashk\u00ebpunim me t\u00eb gjitha rastet q\u00eb vijn\u00eb nga vler\u00ebsimet e mjek\u00ebve t\u00eb par\u00ebsorit apo specialiteteve t\u00eb ndryshme q\u00eb pretendojn\u00eb nj\u00eb diagnostikim dhe trajtim primar fiziatrik ose ndjekje ambulatore t\u00eb m\u00ebtejshme nga ana e fizioterapis\u00eb.<\/span><\/p>\n<p style=\"margin-top: 6.0pt; text-align: justify; line-height: 150%;\"><span lang=\"IT\" style=\"font-size: 14.0pt; line-height: 150%; font-family: 'Times New Roman',serif; mso-ansi-language: IT; mso-bidi-font-weight: bold; mso-bidi-font-style: italic;\">Qasja jon\u00eb \u00ebsht\u00eb gjith\u00ebp\u00ebrfshir\u00ebse, humane dhe e orientuar drejt pacientit, me q\u00ebllim p\u00ebrmir\u00ebsimin e vazhduesh\u00ebm t\u00eb cil\u00ebsis\u00eb s\u00eb jet\u00ebs p\u00ebrmes rehabilitimit aktiv, funksional dhe t\u00eb q\u00ebndruesh\u00ebm.<\/span><\/p>\n<p style=\"margin-top: 6.0pt; text-align: justify; line-height: 150%;\"><span lang=\"IT\" style=\"font-size: 14.0pt; line-height: 150%; font-family: 'Times New Roman',serif; mso-ansi-language: IT; mso-bidi-font-weight: bold; mso-bidi-font-style: italic;\">Aparaturat n\u00eb sh\u00ebrbimin e fizioterapis\u00eb jan\u00eb aparatura nga m\u00eb bashk\u00ebkohoret.<\/span><\/p>\n<p style=\"margin-top: 6.0pt; text-align: justify; line-height: 150%;\"><span lang=\"IT\" style=\"font-size: 14.0pt; line-height: 150%; font-family: 'Times New Roman',serif; mso-ansi-language: IT; mso-bidi-font-weight: bold; mso-bidi-font-style: italic;\">Tecarterapia, magnetoterapia, Ultrasound, TENS, Laserterapia, infrared, Diatermia, Short\u00ebave, Krioterapi me oksigjen, Parafinoterapi Limfodrenazhi, Traksionelektrik, Traksion manual.<\/span><\/p>\n<p style=\"margin-top: 6.0pt; text-align: justify; line-height: 150%;\"><span lang=\"IT\" style=\"font-size: 14.0pt; line-height: 150%; font-family: 'Times New Roman',serif; mso-ansi-language: IT; mso-bidi-font-weight: bold; mso-bidi-font-style: italic;\"><b><u>Pajisje palestre:<\/u><\/b><\/span><\/p>\n<p style=\"margin-top: 6.0pt; text-align: justify; line-height: 150%;\"><span lang=\"IT\" style=\"font-size: 14.0pt; line-height: 150%; font-family: 'Times New Roman',serif; mso-ansi-language: IT; mso-bidi-font-weight: bold; mso-bidi-font-style: italic;\">2 pista, 3 bicikleta, 1 ergomet\u00ebr, 2 krevate masazhi, 2 shkalla Suedeze, cikrik, pesha t\u00eb ndryshme, shkall\u00ebt e drurit, paralele, 3 krevate, karrige p\u00ebr forcimin muskular, tapete, dhe shkopa.<\/span><\/p>\n<p style=\"margin-top: 6.0pt; text-align: justify; line-height: 150%;\"><b><i><span lang=\"IT\" style=\"font-size: 14.0pt; line-height: 150%; font-family: 'Times New Roman',serif; mso-ansi-language: IT;\">Shef Sh\u00ebrbimi&nbsp; &nbsp; &nbsp; &nbsp; &nbsp; &nbsp; &nbsp; &nbsp; &nbsp; &nbsp; &nbsp; &nbsp; &nbsp; &nbsp; &nbsp; &nbsp; &nbsp; &nbsp; &nbsp; &nbsp; &nbsp; &nbsp; &nbsp; &nbsp; &nbsp; &nbsp; &nbsp; &nbsp; &nbsp;<\/span><\/i><\/b><\/p>\n<p style=\"margin-top: 6.0pt; text-align: justify; line-height: 150%;\"><b><i><span lang=\"IT\" style=\"font-size: 14.0pt; line-height: 150%; font-family: 'Times New Roman',serif; mso-ansi-language: IT;\">Dr. Shk. Iris MYFTIU<\/span><\/i><\/b><span lang=\"IT\" style=\"font-size: 14.0pt; line-height: 150%; font-family: 'Times New Roman',serif; mso-ansi-language: IT; mso-bidi-font-weight: bold; mso-bidi-font-style: italic;\">&nbsp;&nbsp;&nbsp;&nbsp;&nbsp;&nbsp;&nbsp;&nbsp;&nbsp;<\/span><\/p>\n<p style=\"margin-top: 6.0pt; text-align: justify; line-height: 150%;\"><span lang=\"IT\" style=\"font-size: 14.0pt; line-height: 150%; font-family: 'Times New Roman',serif; mso-ansi-language: IT; mso-bidi-font-weight: bold; mso-bidi-font-style: italic;\"><span style=\"font-weight: 700; font-family: Roboto, sans-serif; font-size: 15px;\"><i><span lang=\"IT\" style=\"font-size: 14pt; line-height: 28px; font-family: &quot;Times New Roman&quot;, serif;\">Kryeinfermier\/e<\/span><\/i><\/span><\/span><\/p>\n<p style=\"margin-top: 6.0pt; text-align: justify; line-height: 150%;\"><span lang=\"IT\" style=\"font-size: 14.0pt; line-height: 150%; font-family: 'Times New Roman',serif; mso-ansi-language: IT; mso-bidi-font-weight: bold; mso-bidi-font-style: italic;\">Perli RUSI<\/span><\/p>\n<p style=\"margin-top: 6.0pt; text-align: justify; line-height: 150%;\"><b><i><span lang=\"IT\" style=\"font-size: 14.0pt; line-height: 150%; font-family: 'Times New Roman',serif; mso-ansi-language: IT;\">Mjek Fizioterapist\u00eb<\/span><\/i><\/b><\/p>\n<p><\/p>\n<p style=\"margin-top: 6.0pt; text-align: justify; line-height: 150%;\"><span lang=\"IT\" style=\"font-size: 14.0pt; line-height: 150%; font-family: 'Times New Roman',serif; mso-ansi-language: IT; mso-bidi-font-weight: bold; mso-bidi-font-style: italic;\">Dr. Manushaqe Sara\u00e7i&nbsp;&nbsp;&nbsp;&nbsp;<\/span><\/p>\n<p style=\"margin-top: 6.0pt; text-align: justify; line-height: 150%;\"><span lang=\"IT\" style=\"font-size: 14.0pt; line-height: 150%; font-family: 'Times New Roman',serif; mso-ansi-language: IT; mso-bidi-font-weight: bold; mso-bidi-font-style: italic;\">N\/Kolonel Dr. Adrialik Ceka&nbsp;&nbsp;&nbsp;&nbsp;&nbsp;<\/span><\/p>\n<p style=\"margin-top: 6.0pt; text-align: justify; line-height: 150%;\"><span lang=\"IT\" style=\"font-size: 14.0pt; line-height: 150%; font-family: 'Times New Roman',serif; mso-ansi-language: IT; mso-bidi-font-weight: bold; mso-bidi-font-style: italic;\">Major Dr. Gerond Spirollari<\/span><\/p>\t\t\t\t\t\t\t\t<\/div>\n\t\t\t\t<\/div>\n\t\t\t\t\t<\/div>\n\t\t\t\t<\/div>\n\t\t<div class=\"elementor-element elementor-element-12806fa e-flex e-con-boxed e-con e-parent\" data-id=\"12806fa\" data-element_type=\"container\">\n\t\t\t\t\t<div class=\"e-con-inner\">\n\t\t\t\t<div class=\"elementor-element elementor-element-ce71619 elementor-widget-divider--view-line elementor-widget elementor-widget-divider\" data-id=\"ce71619\" data-element_type=\"widget\" data-widget_type=\"divider.default\">\n\t\t\t\t<div class=\"elementor-widget-container\">\n\t\t\t\t\t\t\t<div class=\"elementor-divider\">\n\t\t\t<span class=\"elementor-divider-separator\">\n\t\t\t\t\t\t<\/span>\n\t\t<\/div>\n\t\t\t\t\t\t<\/div>\n\t\t\t\t<\/div>\n\t\t\t\t\t<\/div>\n\t\t\t\t<\/div>\n\t\t<div class=\"elementor-element elementor-element-33c316e e-flex e-con-boxed e-con e-parent\" data-id=\"33c316e\" data-element_type=\"container\">\n\t\t\t\t\t<div class=\"e-con-inner\">\n\t\t\t\t<div class=\"elementor-element elementor-element-136cf15 elementor-widget elementor-widget-google_maps\" data-id=\"136cf15\" data-element_type=\"widget\" data-widget_type=\"google_maps.default\">\n\t\t\t\t<div class=\"elementor-widget-container\">\n\t\t\t\t\t\t\t<div class=\"elementor-custom-embed\">\n\t\t\t<iframe loading=\"lazy\"\n\t\t\t\t\tsrc=\"https:\/\/maps.google.com\/maps?q=Spitali%20Universitar%20i%20Traumes&#038;t=m&#038;z=16&#038;output=embed&#038;iwloc=near\"\n\t\t\t\t\ttitle=\"Spitali Universitar i Traumes\"\n\t\t\t\t\taria-label=\"Spitali Universitar i Traumes\"\n\t\t\t><\/iframe>\n\t\t<\/div>\n\t\t\t\t\t\t<\/div>\n\t\t\t\t<\/div>\n\t\t\t\t\t<\/div>\n\t\t\t\t<\/div>\n\t\t\t\t<\/div>\n\t\t","protected":false},"excerpt":{"rendered":"<p>Misioni i Sh\u00ebrbimit t\u00eb Fizioterapis\u00eb dhe Rehabilitimit n\u00eb Spitalin Universitar t\u00eb Traum\u00ebs \u00ebsht\u00eb t\u00eb p\u00ebrmir\u00ebsoj\u00eb cil\u00ebsin\u00eb e jet\u00ebs s\u00eb pacient\u00ebve t\u00eb shtruar dhe atyre ambulator\u00eb, n\u00ebp\u00ebrmjet rehabilitimit funksional, riaft\u00ebsimit gradual dhe edukimit sh\u00ebndet\u00ebsor, ve\u00e7an\u00ebrisht p\u00ebr pacient\u00ebt post-traum\u00eb. Ky sh\u00ebrbim mbulon pacient\u00ebt n\u00eb pavionet e sh\u00ebrbimeve q\u00eb ofron SUT, duke u angazhuar p\u00ebr rikuperimin e aft\u00ebsive [&hellip;]<\/p>\n","protected":false},"author":3,"featured_media":0,"parent":0,"menu_order":0,"comment_status":"closed","ping_status":"closed","template":"","meta":{"footnotes":""},"class_list":["post-1131","page","type-page","status-publish","hentry"],"jetpack_sharing_enabled":true,"_links":{"self":[{"href":"https:\/\/sut.gov.al\/index.php\/wp-json\/wp\/v2\/pages\/1131","targetHints":{"allow":["GET"]}}],"collection":[{"href":"https:\/\/sut.gov.al\/index.php\/wp-json\/wp\/v2\/pages"}],"about":[{"href":"https:\/\/sut.gov.al\/index.php\/wp-json\/wp\/v2\/types\/page"}],"author":[{"embeddable":true,"href":"https:\/\/sut.gov.al\/index.php\/wp-json\/wp\/v2\/users\/3"}],"replies":[{"embeddable":true,"href":"https:\/\/sut.gov.al\/index.php\/wp-json\/wp\/v2\/comments?post=1131"}],"version-history":[{"count":10,"href":"https:\/\/sut.gov.al\/index.php\/wp-json\/wp\/v2\/pages\/1131\/revisions"}],"predecessor-version":[{"id":1141,"href":"https:\/\/sut.gov.al\/index.php\/wp-json\/wp\/v2\/pages\/1131\/revisions\/1141"}],"wp:attachment":[{"href":"https:\/\/sut.gov.al\/index.php\/wp-json\/wp\/v2\/media?parent=1131"}],"curies":[{"name":"wp","href":"https:\/\/api.w.org\/{rel}","templated":true}]}}