{"id":1142,"date":"2026-01-16T20:56:21","date_gmt":"2026-01-16T20:56:21","guid":{"rendered":"https:\/\/sut.gov.al\/?page_id=1142"},"modified":"2026-01-16T21:03:24","modified_gmt":"2026-01-16T21:03:24","slug":"sherbimi-i-semundjeve-te-brendshme-2","status":"publish","type":"page","link":"https:\/\/sut.gov.al\/index.php\/sherbimi-i-semundjeve-te-brendshme-2\/","title":{"rendered":"SH\u00cbRBIMI I S\u00cbMUNDJEVE T\u00cb BRENDSHME"},"content":{"rendered":"\t\t<div data-elementor-type=\"wp-page\" data-elementor-id=\"1142\" class=\"elementor elementor-1142\">\n\t\t\t\t<div class=\"elementor-element elementor-element-81d4758 e-con-full e-flex e-con e-parent\" data-id=\"81d4758\" data-element_type=\"container\">\n\t\t\t\t<div class=\"elementor-element elementor-element-776cc10 elementor-widget elementor-widget-text-editor\" data-id=\"776cc10\" data-element_type=\"widget\" data-widget_type=\"text-editor.default\">\n\t\t\t\t<div class=\"elementor-widget-container\">\n\t\t\t\t\t\t\t\t\t<p style=\"text-align: justify;\"><span style=\"font-size: 14.0pt; line-height: 115%; font-family: 'Times New Roman',serif;\">Sh\u00ebrbimi i S\u00ebmundjeve t\u00eb Brendshme \u00ebsht\u00eb pjes\u00eb e Spitalit Universitar t\u00eb Traum\u00ebs (SUT) dhe funksionon si nj\u00eb struktur\u00eb e tij brenda institucionit sh\u00ebndet\u00ebsor publik komb\u00ebtar, me mision n\u00eb mjekim, m\u00ebsimdh\u00ebnie dhe k\u00ebrkim shkencor.<\/span><\/p>\n<p style=\"text-align: justify;\"><span style=\"font-size: 14.0pt; line-height: 115%; font-family: 'Times New Roman',serif;\">Ky sh\u00ebrbim \u00ebsht\u00eb pjes\u00eb e rrjetit t\u00eb integruar t\u00eb sh\u00ebrbimit spitalor dhe ofron ndihm\u00eb t\u00eb specializuar n\u00eb trajtimin e politraum\u00ebs n\u00eb nivel komb\u00ebtar.<\/span><\/p>\n<p style=\"text-align: justify;\"><span style=\"font-size: 14.0pt; line-height: 115%; font-family: 'Times New Roman',serif;\">Synimi kryesor \u00ebsht\u00eb diagnostikimi dhe trajtimi spitalor e ambulator i pacient\u00ebve me patologji gastrointestinale, endokrine, hematologjike, neurologjike, infektive, pnumoftiziatrike, alergologjike, rheumatologjike, dermatologjike, nefrologjike, kardiake dhe psikiatrike.<\/span><\/p>\n<p style=\"text-align: justify;\"><span style=\"font-size: 14.0pt; line-height: 115%; font-family: 'Times New Roman',serif;\">N\u00eb bashk\u00ebpunim dhe koordinim me sh\u00ebrbimet e tjera t\u00eb SUT, sigurohet sh\u00ebrbim 24 or\u00eb n\u00eb dit\u00eb, 365 dit\u00eb n\u00eb vit, p\u00ebr pritjen, menaxhimin dhe trajtimin p\u00ebrfundimtar t\u00eb pacient\u00ebve me s\u00ebmundje t\u00eb brendshme.<\/span><\/p>\n<p style=\"text-align: justify;\"><span style=\"font-size: 14.0pt; line-height: 115%; font-family: 'Times New Roman',serif;\">Gjithashtu, n\u00eb bashk\u00ebpunim me sektorin e konsultave ambulatore, ofrohet sh\u00ebrbim p\u00ebr rastet e referuara nga sistemi sh\u00ebndet\u00ebsor i referimit, si n\u00eb nivel lokal dhe rajonal, ashtu edhe p\u00ebr rastet e referuara nga qendrat sh\u00ebndet\u00ebsore n\u00eb nivel komb\u00ebtar.<\/span><\/p>\n<p style=\"text-align: justify;\"><span style=\"font-size: 14.0pt; line-height: 115%; font-family: 'Times New Roman',serif;\">N\u00eb bashk\u00ebpunim me sh\u00ebrbimet e kirurgjis\u00eb, neurokirurgjis\u00eb, kirurgjis\u00eb vaskulare dhe reanimacionit t\u00eb politraum\u00ebs, sh\u00ebrbimi \u00ebsht\u00eb p\u00ebrgjegj\u00ebs p\u00ebr pritjen dhe trajtimin e pacient\u00ebve me s\u00ebmundje t\u00eb brendshme.<\/span><\/p>\n<p style=\"text-align: justify;\"><b><i><span style=\"font-size: 14.0pt; line-height: 115%; font-family: 'Times New Roman',serif;\"><br>OBJEKTIVAT<\/span><\/i><\/b><\/p>\n<p style=\"text-align: justify;\"><span style=\"font-size: 14.0pt; line-height: 115%; font-family: 'Times New Roman',serif;\">Sigurimi i ndihm\u00ebs mjek\u00ebsore t\u00eb specializuar p\u00ebr pacient\u00ebt e paraqitur sipas sistemit t\u00eb referimit, p\u00ebr pacient\u00ebt e traumatizuar dhe p\u00ebr ata t\u00eb shtruar n\u00eb SUT me probleme t\u00eb mjek\u00ebsis\u00eb interne.<\/span><\/p>\n<p style=\"text-align: justify;\"><span style=\"font-size: 14.0pt; line-height: 115%; font-family: 'Times New Roman',serif;\">Ofrimi i sh\u00ebrbimit sh\u00ebndet\u00ebsor p\u00ebr ushtarak\u00ebt aktiv\u00eb, n\u00eb rezerv\u00eb dhe n\u00eb pension t\u00eb Forcave t\u00eb Armatosura. Pjes\u00ebmarrja n\u00eb komisionet mjek\u00ebsore t\u00eb specializuara, t\u00eb p\u00ebrcaktuara n\u00eb \u201cRregulloren e vler\u00ebsimit t\u00eb aft\u00ebsive fizike e sh\u00ebndet\u00ebsore t\u00eb shtetasit dhe ushtarakut t\u00eb FA\u201d, p\u00ebr: kandidat\u00ebt n\u00eb shkollat ushtarake, oficer\u00ebt, n\u00ebnoficer\u00ebt, ushtar\u00ebt profesionist\u00eb t\u00eb FA, kontingjentet q\u00eb marrin pjes\u00eb n\u00eb misione jasht\u00eb vendit.<\/span><\/p>\n<p style=\"text-align: justify;\"><span style=\"font-size: 14.0pt; line-height: 115%; font-family: 'Times New Roman',serif;\">Sh\u00ebrbimi si baz\u00eb pedagogjike p\u00ebr formimin e student\u00ebve t\u00eb mjek\u00ebsis\u00eb dhe mjek\u00ebve specializant\u00eb.<\/span><\/p>\n<p style=\"text-align: justify;\"><span style=\"font-size: 14.0pt; line-height: 115%; font-family: 'Times New Roman',serif;\">Koordinimi i edukimit t\u00eb vazhduesh\u00ebm p\u00ebr mjek\u00ebt dhe personelin tjet\u00ebr sh\u00ebndet\u00ebsor q\u00eb mbulon sh\u00ebrbimi.<\/span><\/p>\n<p style=\"text-align: justify;\"><span style=\"font-size: 14.0pt; line-height: 115%; font-family: 'Times New Roman',serif;\">Trajtimi i popullat\u00ebs civile p\u00ebr patologji t\u00eb ve\u00e7anta, me interes klinik dhe terapeutik, sipas udh\u00ebzimeve t\u00eb Ministris\u00eb s\u00eb Sh\u00ebndet\u00ebsis\u00eb, ISKSH-s\u00eb dhe n\u00eb p\u00ebrputhje me udh\u00ebzimet e Ministrit t\u00eb Mbrojtjes.<\/span><\/p>\n<p style=\"text-align: justify;\"><b><i><span style=\"font-size: 14.0pt; line-height: 115%; font-family: 'Times New Roman',serif;\">Shef Sh\u00ebrbimi<\/span><\/i><\/b><\/p>\n<p style=\"text-align: justify;\"><b><i><span style=\"font-size: 14.0pt; line-height: 115%; font-family: 'Times New Roman',serif;\">Dr. Fatos JAHO<\/span><\/i><\/b><\/p>\n<p style=\"text-align: justify;\"><span style=\"font-size: 14.0pt; line-height: 115%; font-family: 'Times New Roman',serif;\">K<i style=\"font-weight: 700;\">ryeinfermiere SB klinika 1<\/i><\/span><\/p><p style=\"text-align: justify;\"><span style=\"font-size: 14.0pt; line-height: 115%; font-family: 'Times New Roman',serif;\">Eglantina DAUTI<\/span><\/p><p style=\"text-align: justify;\"><span style=\"font-size: 14.0pt; line-height: 115%; font-family: 'Times New Roman',serif;\"><span style=\"font-weight: 700; font-family: &quot;Times New Roman&quot;, sans-serif; font-size: 15px;\"><i><span style=\"font-size: 14pt; line-height: 21.4667px; font-family: &quot;Times New Roman&quot;, serif;\">Shefe sh\u00ebrbimi SB klinika 2, mjeke nefrologe<\/span><\/i><\/span><\/span><\/p>\n<p style=\"text-align: justify;\"><b><i><span style=\"font-size: 14.0pt; line-height: 115%; font-family: 'Times New Roman',serif;\">Dr. Grisilda GJANA<\/span><\/i><\/b><\/p><p style=\"text-align: justify;\"><span style=\"font-family: &quot;Times New Roman&quot;, serif; font-size: 18.6667px;\">K<i style=\"font-weight: 700;\">ryeinfermiere SB klinika 2<\/i><\/span><span style=\"font-family: &quot;Times New Roman&quot;, serif; font-size: 18.6667px;\">&nbsp; &nbsp; &nbsp;&nbsp;<\/span><b><i><span style=\"font-size: 14.0pt; line-height: 115%; font-family: 'Times New Roman',serif;\"><\/span><\/i><\/b><\/p>\n<p style=\"text-align: justify; tab-stops: 303.0pt;\"><span style=\"font-size: 14.0pt; line-height: 115%; font-family: 'Times New Roman',serif;\">Suzana CAKONI&nbsp; &nbsp; &nbsp;<\/span><\/p>\n<p style=\"margin-top: 6.0pt; text-align: center;\" align=\"center\"><br><\/p>\n<p style=\"margin-top: 6.0pt; text-align: center;\" align=\"center\"><b><span lang=\"IT\" style=\"font-size: 14.0pt; line-height: 115%; font-family: 'Times New Roman',serif; mso-ansi-language: IT; mso-bidi-font-style: italic;\">Sektori Mjekesor i Kontrollit dhe Parandalimit te Infeksioneve Spitalore<\/span><\/b><\/p>\n<p style=\"text-align: justify; line-height: 115%;\"><span lang=\"SQ\" style=\"font-size: 14.0pt; line-height: 115%;\"><br>Siguron nj<\/span><span style=\"font-size: 14.0pt; line-height: 115%; mso-ansi-language: EN-US;\">\u00eb<\/span><span lang=\"SQ\" style=\"font-size: 14.0pt; line-height: 115%;\"> program t<\/span><span style=\"font-size: 14.0pt; line-height: 115%; mso-ansi-language: EN-US;\">\u00eb<\/span><span lang=\"SQ\" style=\"font-size: 14.0pt; line-height: 115%;\"> caktuar p<\/span><span style=\"font-size: 14.0pt; line-height: 115%; mso-ansi-language: EN-US;\">\u00eb<\/span><span lang=\"SQ\" style=\"font-size: 14.0pt; line-height: 115%;\">r survejanc<\/span><span style=\"font-size: 14.0pt; line-height: 115%; mso-ansi-language: EN-US;\">\u00eb<\/span><span lang=\"SQ\" style=\"font-size: 14.0pt; line-height: 115%;\">n, mbledhjen e t<\/span><span style=\"font-size: 14.0pt; line-height: 115%; mso-ansi-language: EN-US;\">\u00eb<\/span><span lang=\"SQ\" style=\"font-size: 14.0pt; line-height: 115%;\"> dh<\/span><span style=\"font-size: 14.0pt; line-height: 115%; mso-ansi-language: EN-US;\">\u00eb<\/span><span lang=\"SQ\" style=\"font-size: 14.0pt; line-height: 115%;\">nave, analizimin dhe raportimin n<\/span><span style=\"font-size: 14.0pt; line-height: 115%; mso-ansi-language: EN-US;\">\u00eb<\/span><span lang=\"SQ\" style=\"font-size: 14.0pt; line-height: 115%;\"> departamentet p<\/span><span style=\"font-size: 14.0pt; line-height: 115%; mso-ansi-language: EN-US;\">\u00eb<\/span><span lang=\"SQ\" style=\"font-size: 14.0pt; line-height: 115%;\">rkat<\/span><span style=\"font-size: 14.0pt; line-height: 115%; mso-ansi-language: EN-US;\">\u00eb<\/span><span lang=\"SQ\" style=\"font-size: 14.0pt; line-height: 115%;\">se.&nbsp;<\/span><span lang=\"SQ\" style=\"text-wrap-mode: initial; font-size: 14pt; line-height: 115%;\">Merr masa p<\/span><span style=\"text-wrap-mode: initial; font-size: 14pt; line-height: 115%;\">\u00eb<\/span><span lang=\"SQ\" style=\"text-wrap-mode: initial; font-size: 14pt; line-height: 115%;\">r uljen e incidenc<\/span><span style=\"text-wrap-mode: initial; font-size: 14pt; line-height: 115%;\">\u00eb<\/span><span lang=\"SQ\" style=\"text-wrap-mode: initial; font-size: 14pt; line-height: 115%;\">s t<\/span><span style=\"text-wrap-mode: initial; font-size: 14pt; line-height: 115%;\">\u00eb<\/span><span lang=\"SQ\" style=\"text-wrap-mode: initial; font-size: 14pt; line-height: 115%;\"> infeksioneve spitalore.&nbsp;<\/span><span style=\"text-wrap-mode: initial; font-size: 14pt;\">Informon institucionet p\u00ebrkat\u00ebse n\u00eb rastet kur s\u00ebmundja ka karakter epidemik.&nbsp;<\/span><span lang=\"SQ\" style=\"text-wrap-mode: initial; font-size: 14pt; line-height: 115%;\">Kryen monitorimin dhe zbatimin e protokolleve t\u00eb pastrimit t\u00eb ambienteve, sterilizimit, d<\/span><span style=\"text-wrap-mode: initial; font-size: 14pt; line-height: 115%;\">e<\/span><span lang=\"SQ\" style=\"text-wrap-mode: initial; font-size: 14pt; line-height: 115%;\">zinfektimit dhe ruajtjen e higjien\u00ebs dhe asepsis\u00eb ne salla.&nbsp;<\/span><span style=\"text-wrap-mode: initial; font-size: 14pt;\">Kryen monitorimin e ndarjes s\u00eb mbetjeve t\u00eb rrezikshme n\u00eb burim, n\u00eb momentin e kryerjes s\u00eb manipulimit.&nbsp;<\/span><span style=\"text-wrap-mode: initial; font-size: 14pt;\">Ndjek procedurat e vaksinimitte stafit mjek\u00ebsor vullnetar me vaksinen e gripit cdo vit, por edhe vaksinime t\u00eb tjera n\u00eb rast epidemish.<\/span><\/p>\t\t\t\t\t\t\t\t<\/div>\n\t\t\t\t<\/div>\n\t\t\t\t<\/div>\n\t\t<div class=\"elementor-element elementor-element-1524e1e e-flex e-con-boxed e-con e-parent\" data-id=\"1524e1e\" data-element_type=\"container\">\n\t\t\t\t\t<div class=\"e-con-inner\">\n\t\t\t\t<div class=\"elementor-element elementor-element-fec0be3 elementor-widget-divider--view-line elementor-widget elementor-widget-divider\" data-id=\"fec0be3\" data-element_type=\"widget\" data-widget_type=\"divider.default\">\n\t\t\t\t<div class=\"elementor-widget-container\">\n\t\t\t\t\t\t\t<div class=\"elementor-divider\">\n\t\t\t<span class=\"elementor-divider-separator\">\n\t\t\t\t\t\t<\/span>\n\t\t<\/div>\n\t\t\t\t\t\t<\/div>\n\t\t\t\t<\/div>\n\t\t\t\t\t<\/div>\n\t\t\t\t<\/div>\n\t\t<div class=\"elementor-element elementor-element-2da5a00 e-flex e-con-boxed e-con e-parent\" data-id=\"2da5a00\" data-element_type=\"container\">\n\t\t\t\t\t<div class=\"e-con-inner\">\n\t\t\t\t<div class=\"elementor-element elementor-element-ec11aac elementor-widget elementor-widget-image\" data-id=\"ec11aac\" data-element_type=\"widget\" data-widget_type=\"image.default\">\n\t\t\t\t<div class=\"elementor-widget-container\">\n\t\t\t\t\t\t\t\t\t\t\t\t\t\t\t<img fetchpriority=\"high\" decoding=\"async\" width=\"525\" height=\"394\" src=\"https:\/\/sut.gov.al\/wp-content\/uploads\/2026\/01\/WhatsApp-Image-2026-01-15-at-15.53.51-2-1024x768.jpeg?wsr\" class=\"attachment-large size-large wp-image-1110\" alt=\"\" srcset=\"https:\/\/sut.gov.al\/wp-content\/uploads\/2026\/01\/WhatsApp-Image-2026-01-15-at-15.53.51-2-1024x768.jpeg 1024w, https:\/\/sut.gov.al\/wp-content\/uploads\/2026\/01\/WhatsApp-Image-2026-01-15-at-15.53.51-2-300x225.jpeg 300w, https:\/\/sut.gov.al\/wp-content\/uploads\/2026\/01\/WhatsApp-Image-2026-01-15-at-15.53.51-2-768x576.jpeg 768w, https:\/\/sut.gov.al\/wp-content\/uploads\/2026\/01\/WhatsApp-Image-2026-01-15-at-15.53.51-2-600x450.jpeg 600w, https:\/\/sut.gov.al\/wp-content\/uploads\/2026\/01\/WhatsApp-Image-2026-01-15-at-15.53.51-2.jpeg 1280w\" sizes=\"(max-width: 525px) 100vw, 525px\" \/>\t\t\t\t\t\t\t\t\t\t\t\t\t\t\t<\/div>\n\t\t\t\t<\/div>\n\t\t\t\t\t<\/div>\n\t\t\t\t<\/div>\n\t\t\t\t<\/div>\n\t\t","protected":false},"excerpt":{"rendered":"<p>Sh\u00ebrbimi i S\u00ebmundjeve t\u00eb Brendshme \u00ebsht\u00eb pjes\u00eb e Spitalit Universitar t\u00eb Traum\u00ebs (SUT) dhe funksionon si nj\u00eb struktur\u00eb e tij brenda institucionit sh\u00ebndet\u00ebsor publik komb\u00ebtar, me mision n\u00eb mjekim, m\u00ebsimdh\u00ebnie dhe k\u00ebrkim shkencor. Ky sh\u00ebrbim \u00ebsht\u00eb pjes\u00eb e rrjetit t\u00eb integruar t\u00eb sh\u00ebrbimit spitalor dhe ofron ndihm\u00eb t\u00eb specializuar n\u00eb trajtimin e politraum\u00ebs n\u00eb nivel [&hellip;]<\/p>\n","protected":false},"author":3,"featured_media":0,"parent":0,"menu_order":0,"comment_status":"closed","ping_status":"closed","template":"","meta":{"footnotes":""},"class_list":["post-1142","page","type-page","status-publish","hentry"],"jetpack_sharing_enabled":true,"_links":{"self":[{"href":"https:\/\/sut.gov.al\/index.php\/wp-json\/wp\/v2\/pages\/1142","targetHints":{"allow":["GET"]}}],"collection":[{"href":"https:\/\/sut.gov.al\/index.php\/wp-json\/wp\/v2\/pages"}],"about":[{"href":"https:\/\/sut.gov.al\/index.php\/wp-json\/wp\/v2\/types\/page"}],"author":[{"embeddable":true,"href":"https:\/\/sut.gov.al\/index.php\/wp-json\/wp\/v2\/users\/3"}],"replies":[{"embeddable":true,"href":"https:\/\/sut.gov.al\/index.php\/wp-json\/wp\/v2\/comments?post=1142"}],"version-history":[{"count":8,"href":"https:\/\/sut.gov.al\/index.php\/wp-json\/wp\/v2\/pages\/1142\/revisions"}],"predecessor-version":[{"id":1197,"href":"https:\/\/sut.gov.al\/index.php\/wp-json\/wp\/v2\/pages\/1142\/revisions\/1197"}],"wp:attachment":[{"href":"https:\/\/sut.gov.al\/index.php\/wp-json\/wp\/v2\/media?parent=1142"}],"curies":[{"name":"wp","href":"https:\/\/api.w.org\/{rel}","templated":true}]}}