{"id":134,"date":"2023-04-28T11:27:03","date_gmt":"2023-04-28T11:27:03","guid":{"rendered":"https:\/\/sut.gov.al\/?page_id=134"},"modified":"2026-01-16T21:24:15","modified_gmt":"2026-01-16T21:24:15","slug":"organigrama","status":"publish","type":"page","link":"https:\/\/sut.gov.al\/index.php\/organigrama\/","title":{"rendered":"ORGANIGRAMA"},"content":{"rendered":"\t\t<div data-elementor-type=\"wp-page\" data-elementor-id=\"134\" class=\"elementor elementor-134\">\n\t\t\t\t<div class=\"elementor-element elementor-element-e482826 e-flex e-con-boxed e-con e-parent\" data-id=\"e482826\" data-element_type=\"container\">\n\t\t\t\t\t<div class=\"e-con-inner\">\n\t\t\t\t\t<\/div>\n\t\t\t\t<\/div>\n\t\t<div class=\"elementor-element elementor-element-ca70978 e-con-full e-flex e-con e-parent\" data-id=\"ca70978\" data-element_type=\"container\">\n\t\t\t\t<div class=\"elementor-element elementor-element-b45c7a1 elementor-widget elementor-widget-text-editor\" data-id=\"b45c7a1\" data-element_type=\"widget\" data-widget_type=\"text-editor.default\">\n\t\t\t\t<div class=\"elementor-widget-container\">\n\t\t\t\t\t\t\t\t\t<p>Organigrama e p\u00ebrdit\u00ebsuar p\u00ebr Spitalin Universitar t\u00eb Traum\u00ebs (<a href=\"https:\/\/sut.gov.al\/wp-content\/uploads\/2025\/03\/Struktura-SUT.pdf\" style=\"background-color: rgb(255, 255, 255);\">Struktura SUT<\/a>)<\/p>\t\t\t\t\t\t\t\t<\/div>\n\t\t\t\t<\/div>\n\t\t\t\t<\/div>\n\t\t<div class=\"elementor-element elementor-element-29c1023 e-flex e-con-boxed e-con e-parent\" data-id=\"29c1023\" data-element_type=\"container\">\n\t\t\t\t\t<div class=\"e-con-inner\">\n\t\t\t\t<div class=\"elementor-element elementor-element-2896c13 elementor-widget elementor-widget-image\" data-id=\"2896c13\" data-element_type=\"widget\" data-widget_type=\"image.default\">\n\t\t\t\t<div class=\"elementor-widget-container\">\n\t\t\t\t\t\t\t\t\t\t\t\t\t\t\t<img fetchpriority=\"high\" decoding=\"async\" width=\"1280\" height=\"720\" src=\"https:\/\/sut.gov.al\/wp-content\/uploads\/2025\/03\/Struktura-SUT.png?wsr\" class=\"attachment-2048x2048 size-2048x2048 wp-image-895\" alt=\"\" srcset=\"https:\/\/sut.gov.al\/wp-content\/uploads\/2025\/03\/Struktura-SUT.png 1280w, https:\/\/sut.gov.al\/wp-content\/uploads\/2025\/03\/Struktura-SUT-300x169.png 300w, https:\/\/sut.gov.al\/wp-content\/uploads\/2025\/03\/Struktura-SUT-1024x576.png 1024w, https:\/\/sut.gov.al\/wp-content\/uploads\/2025\/03\/Struktura-SUT-768x432.png 768w, https:\/\/sut.gov.al\/wp-content\/uploads\/2025\/03\/Struktura-SUT-600x338.png 600w\" sizes=\"(max-width: 1280px) 100vw, 1280px\" \/>\t\t\t\t\t\t\t\t\t\t\t\t\t\t\t<\/div>\n\t\t\t\t<\/div>\n\t\t\t\t\t<\/div>\n\t\t\t\t<\/div>\n\t\t<div class=\"elementor-element elementor-element-11ef94c e-flex e-con-boxed e-con e-parent\" data-id=\"11ef94c\" data-element_type=\"container\">\n\t\t\t\t\t<div class=\"e-con-inner\">\n\t\t\t\t<div class=\"elementor-element elementor-element-41b0b8c elementor-widget-divider--view-line elementor-widget elementor-widget-divider\" data-id=\"41b0b8c\" data-element_type=\"widget\" data-widget_type=\"divider.default\">\n\t\t\t\t<div class=\"elementor-widget-container\">\n\t\t\t\t\t\t\t<div class=\"elementor-divider\">\n\t\t\t<span class=\"elementor-divider-separator\">\n\t\t\t\t\t\t<\/span>\n\t\t<\/div>\n\t\t\t\t\t\t<\/div>\n\t\t\t\t<\/div>\n\t\t\t\t\t<\/div>\n\t\t\t\t<\/div>\n\t\t<div class=\"elementor-element elementor-element-cc74f2f e-flex e-con-boxed e-con e-parent\" data-id=\"cc74f2f\" data-element_type=\"container\">\n\t\t\t\t\t<div class=\"e-con-inner\">\n\t\t\t\t<div class=\"elementor-element elementor-element-f706079 elementor-widget elementor-widget-google_maps\" data-id=\"f706079\" data-element_type=\"widget\" data-widget_type=\"google_maps.default\">\n\t\t\t\t<div class=\"elementor-widget-container\">\n\t\t\t\t\t\t\t<div class=\"elementor-custom-embed\">\n\t\t\t<iframe loading=\"lazy\"\n\t\t\t\t\tsrc=\"https:\/\/maps.google.com\/maps?q=Spitali%20Universitar%20i%20Traumes&#038;t=m&#038;z=16&#038;output=embed&#038;iwloc=near\"\n\t\t\t\t\ttitle=\"Spitali Universitar i Traumes\"\n\t\t\t\t\taria-label=\"Spitali Universitar i Traumes\"\n\t\t\t><\/iframe>\n\t\t<\/div>\n\t\t\t\t\t\t<\/div>\n\t\t\t\t<\/div>\n\t\t\t\t\t<\/div>\n\t\t\t\t<\/div>\n\t\t\t\t<\/div>\n\t\t","protected":false},"excerpt":{"rendered":"<p>Organigrama e p\u00ebrdit\u00ebsuar p\u00ebr Spitalin Universitar t\u00eb Traum\u00ebs (Struktura SUT)<\/p>\n","protected":false},"author":1,"featured_media":0,"parent":0,"menu_order":0,"comment_status":"closed","ping_status":"closed","template":"","meta":{"footnotes":""},"class_list":["post-134","page","type-page","status-publish","hentry"],"jetpack_sharing_enabled":true,"_links":{"self":[{"href":"https:\/\/sut.gov.al\/index.php\/wp-json\/wp\/v2\/pages\/134","targetHints":{"allow":["GET"]}}],"collection":[{"href":"https:\/\/sut.gov.al\/index.php\/wp-json\/wp\/v2\/pages"}],"about":[{"href":"https:\/\/sut.gov.al\/index.php\/wp-json\/wp\/v2\/types\/page"}],"author":[{"embeddable":true,"href":"https:\/\/sut.gov.al\/index.php\/wp-json\/wp\/v2\/users\/1"}],"replies":[{"embeddable":true,"href":"https:\/\/sut.gov.al\/index.php\/wp-json\/wp\/v2\/comments?post=134"}],"version-history":[{"count":7,"href":"https:\/\/sut.gov.al\/index.php\/wp-json\/wp\/v2\/pages\/134\/revisions"}],"predecessor-version":[{"id":1167,"href":"https:\/\/sut.gov.al\/index.php\/wp-json\/wp\/v2\/pages\/134\/revisions\/1167"}],"wp:attachment":[{"href":"https:\/\/sut.gov.al\/index.php\/wp-json\/wp\/v2\/media?parent=134"}],"curies":[{"name":"wp","href":"https:\/\/api.w.org\/{rel}","templated":true}]}}